{"id":474,"date":"2018-09-14T09:46:21","date_gmt":"2018-09-14T09:46:21","guid":{"rendered":"http:\/\/ituza.insigniawpthemes.co.in\/car-service\/?page_id=474"},"modified":"2020-10-21T23:25:24","modified_gmt":"2020-10-21T23:25:24","slug":"servicios","status":"publish","type":"page","link":"http:\/\/www.bocalimentos.com\/index.php\/servicios\/","title":{"rendered":"Servicios"},"content":{"rendered":"<p>[vc_row][vc_column css=&#8221;.vc_custom_1536927545958{padding-top: 70px !important;padding-bottom: 70px !important;}&#8221;][vc_row_inner equal_height=&#8221;yes&#8221;][vc_column_inner width=&#8221;1\/3&#8243;]<div id='ins-heading-69f2ab93ef0fd' class='section-heading ins-heading text-left default    ins-animated fadeIn' data-animation-delay=200 style='margin-top:0; margin-bottom:20px'><h6 class='section-heading-subtitle margin-0px-bottom  letter-spacing-1 font-weight-600'>NUESTROS SERVICIOS<\/h6><h4 class='section-heading-title margin-10px-top  default letter-spacing-1'>Nuestra especialidad es crear momentos memorables.<\/h4><\/div><script type=\"text\/javascript\">\n\t\t(function(jQuery) {jQuery(\"head\").append(\"<style>#ins-heading-69f2ab93ef0fd h4 {color: #003e6a;}#ins-heading-69f2ab93ef0fd .section-heading-subtitle {color: #ef463b;}<\/style>\")\n\t\t\t\t\t})(jQuery);\n\t\t\t\t\t\t<\/script>[vc_column_text css_animation=&#8221;fadeIn&#8221;]Nuestra capacidad creativa nos permite ofrecer soluciones que se adaptan a las necesidades de la empresa, brindando gratas experiencias gastron\u00f3micas a su personal.[\/vc_column_text][\/vc_column_inner][vc_column_inner width=&#8221;1\/3&#8243;]<div class=\"ins-flipbox vc-hoverbox-wrapper vc-hoverbox-direction--default   ins-animated fadeInRight\" data-animation-delay=200 >\n\t  <div class=\"vc-hoverbox\">\n\t    <div class=\"vc-hoverbox-inner text-center\">\n\t      <div class=\"ins-flipbox-front vc-hoverbox-block vc-hoverbox-front color-scheme-white no-border\"  style=\"background-color: transparent;background-image: url(http:\/\/www.bocalimentos.com\/wp-content\/uploads\/2020\/09\/boc-alimentos-servicios-servicio-calidad.jpg);\">\n\t        <div class=\"vc-hoverbox-block-inner vc-hoverbox-front-inner\">\n   \n   <h5 class=\"flipbox-front-title margin-10px-top padding-10px-bottom\"><\/h5>\n   \n    <\/div>\n\t      <\/div>\n\t      <div class=\"ensign-flipbox-hover vc-hoverbox-block vc-hoverbox-back  color-scheme-white\"  style=\"background-color:#ef463b;\">\n\t        <div class=\"vc-hoverbox-block-inner vc-hoverbox-back-inner\">\n                    \n\t            <h5 class=\"flipbox-hover-title padding-10px-bottom\">Servicio de calidad<\/h5>\n\t            Asegurando y cuidando cada detalle bajo los m\u00e1s altos est\u00e1ndares de calidad.\n\t            \n\t        <\/div>\n\t      <\/div>\n\t    <\/div>\n\t  <\/div>\n\t<\/div>[\/vc_column_inner][vc_column_inner width=&#8221;1\/3&#8243;]<div class=\"ins-flipbox vc-hoverbox-wrapper vc-hoverbox-direction--default   ins-animated fadeInRight\" data-animation-delay=400 >\n\t  <div class=\"vc-hoverbox\">\n\t    <div class=\"vc-hoverbox-inner text-center\">\n\t      <div class=\"ins-flipbox-front vc-hoverbox-block vc-hoverbox-front color-scheme-white no-border\"  style=\"background-color: transparent;background-image: url(http:\/\/www.bocalimentos.com\/wp-content\/uploads\/2020\/09\/boc-alimentos-servicios-seguridad-higiene.jpg);\">\n\t        <div class=\"vc-hoverbox-block-inner vc-hoverbox-front-inner\">\n   \n   <h5 class=\"flipbox-front-title margin-10px-top padding-10px-bottom\"><\/h5>\n   \n    <\/div>\n\t      <\/div>\n\t      <div class=\"ensign-flipbox-hover vc-hoverbox-block vc-hoverbox-back  color-scheme-white\"  style=\"background-color:#ef463b;\">\n\t        <div class=\"vc-hoverbox-block-inner vc-hoverbox-back-inner\">\n                    \n\t            <h5 class=\"flipbox-hover-title padding-10px-bottom\">Seguridad e higiene<\/h5>\n\t            Trabajamos bajo los lineamientos de la norma mexicana Distintivo H y la norma americana ServSafe.\n\t            \n\t        <\/div>\n\t      <\/div>\n\t    <\/div>\n\t  <\/div>\n\t<\/div>[\/vc_column_inner][\/vc_row_inner][\/vc_column][\/vc_row][vc_row full_width=&#8221;stretch_row&#8221; color_scheme=&#8221;white&#8221; bg_overlay=&#8221;dark50&#8243; css=&#8221;.vc_custom_1599497743234{background-image: url(http:\/\/www.bocalimentos.com\/staging\/wp-content\/uploads\/2020\/09\/boc-alimentos-servicios-hospitalidad-fondo.jpg?id=1692) !important;background-position: center !important;background-repeat: no-repeat !important;background-size: cover !important;}&#8221;][vc_column][vc_empty_space height=&#8221;50px&#8221;][vc_row_inner][vc_column_inner width=&#8221;1\/6&#8243;][\/vc_column_inner][vc_column_inner width=&#8221;2\/3&#8243;]<div id='ins-heading-69f2ab93efec9' class='section-heading ins-heading text-center default    ins-animated fadeIn' data-animation-delay=200 style='margin-top:0; margin-bottom:25px'><h2 class='section-heading-title margin-10px-top  default letter-spacing-1'>Nuestra especialidad es la Hospitalidad<\/h2><\/div><script type=\"text\/javascript\">\n\t\t(function(jQuery) {\n\t\t\t\t\t})(jQuery);\n\t\t\t\t\t\t<\/script>[vc_custom_heading text=&#8221;El enfoque de nuestros servicios siempre se distingue por brindar gratas experiencias a los comensales, asegurando calidad y rentabilidad a la empresa.&#8221; font_container=&#8221;tag:p|font_size:18px|text_align:center|line_height:30px&#8221; use_theme_fonts=&#8221;yes&#8221; css=&#8221;.vc_custom_1599495697618{margin-bottom: 40px !important;}&#8221;][\/vc_column_inner][vc_column_inner width=&#8221;1\/6&#8243;][\/vc_column_inner][\/vc_row_inner][vc_empty_space height=&#8221;220px&#8221;][\/vc_column][\/vc_row][vc_row css=&#8221;.vc_custom_1536923324852{margin-top: -220px !important;background-position: center !important;background-repeat: no-repeat !important;background-size: cover !important;}&#8221;][vc_column][vc_row_inner][vc_column_inner width=&#8221;1\/3&#8243;]<div id='ins-image-box69f2ab93eff2c' class='ins-image-box-wrapper ins-image-box-style-1 text-center   ins-animated fadeInUp'  style='background-color: transparent;'><div class='ins-image-box-inner'><div class='ins-image-box-img text-center'><img src='http:\/\/www.bocalimentos.com\/wp-content\/uploads\/2020\/09\/boc-alimentos-servicios-comedor-en-sitio.jpg' alt='image-box'><\/div><div class='ins-image-content-wrapper padding-30px-lr padding-35px-tb border-all last-paragraph-no-margin'><div class='ins-image-box-title margin-10px-bottom'><span class='ins-image-box-title-inner letter-spacing-05 title-font font-weight-500 display-block text-extra-large default'><span class='ins-image-box-number'><\/span> Comedor en Sitio<\/span><\/div><p class='ins-image-box-text '>Personalizaci\u00f3n de men\u00fas con base a las necesidades de cada cliente, fomentando siempre la buena alimentaci\u00f3n y salud del comensal.<\/p><div class='ins-image-box-title margin-20px-top margin-10px-bottom'><a class='ins-image-box-btn title-font pc-bg sc-bg-hover default btn-radius-default' href='http:\/\/www.bocalimentos.com\/index.php\/contacto' target='_self'>Cont\u00e1ctanos<\/a><\/div><\/div><\/div><\/div><script type=\"text\/javascript\">\n\t\t(function(jQuery) {jQuery(\"head\").append(\"<style>#ins-image-box69f2ab93eff2c .ins-image-box-title-inner {color: #003e6a;}#ins-image-box69f2ab93eff2c .ins-image-box-btn {color: #ffffff;}#ins-image-box69f2ab93eff2c.ins-image-box-wrapper:hover .ins-image-box-btn {color: #ffffff;}<\/style>\")\n\t\t\t\t\t})(jQuery);\n\t\t\t\t\t\t<\/script>[\/vc_column_inner][vc_column_inner width=&#8221;1\/3&#8243;]<div id='ins-image-box69f2ab93f0531' class='ins-image-box-wrapper ins-image-box-style-1 text-center   ins-animated fadeInUp' data-animation-delay=200 style='background-color: transparent;'><div class='ins-image-box-inner'><div class='ins-image-box-img text-center'><img src='http:\/\/www.bocalimentos.com\/wp-content\/uploads\/2020\/09\/boc-alimentos-servicios-comedor-comisariato.jpg' alt='image-box'><\/div><div class='ins-image-content-wrapper padding-30px-lr padding-35px-tb border-all last-paragraph-no-margin'><div class='ins-image-box-title margin-10px-bottom'><span class='ins-image-box-title-inner letter-spacing-05 title-font font-weight-500 display-block text-extra-large default'><span class='ins-image-box-number'><\/span> Comedor en Comisariato<\/span><\/div><p class='ins-image-box-text '>Distribuci\u00f3n de alimentos para comedores industriales, estandarizando calidad y sabor de los alimentos.<\/p><div class='ins-image-box-title margin-20px-top margin-10px-bottom'><a class='ins-image-box-btn title-font pc-bg sc-bg-hover default btn-radius-default' href='http:\/\/www.bocalimentos.com\/index.php\/contacto' target='_self'>Cont\u00e1ctanos<\/a><\/div><\/div><\/div><\/div><script type=\"text\/javascript\">\n\t\t(function(jQuery) {jQuery(\"head\").append(\"<style>#ins-image-box69f2ab93f0531 .ins-image-box-title-inner {color: #003e6a;}#ins-image-box69f2ab93f0531 .ins-image-box-btn {color: #ffffff;}#ins-image-box69f2ab93f0531.ins-image-box-wrapper:hover .ins-image-box-btn {color: #ffffff;}#ins-image-box69f2ab93f0531 .ins-image-box-btn {background: #ef463b;}<\/style>\")\n\t\t\t\t\t})(jQuery);\n\t\t\t\t\t\t<\/script>[\/vc_column_inner][vc_column_inner width=&#8221;1\/3&#8243;]<div id='ins-image-box69f2ab93f0ad9' class='ins-image-box-wrapper ins-image-box-style-1 text-center   ins-animated fadeInUp' data-animation-delay=400 style='background-color: transparent;'><div class='ins-image-box-inner'><div class='ins-image-box-img text-center'><img src='http:\/\/www.bocalimentos.com\/wp-content\/uploads\/2020\/09\/boc-alimentos-servicios-catering.jpg' alt='image-box'><\/div><div class='ins-image-content-wrapper padding-30px-lr padding-35px-tb border-all last-paragraph-no-margin'><div class='ins-image-box-title margin-10px-bottom'><span class='ins-image-box-title-inner letter-spacing-05 title-font font-weight-500 display-block text-extra-large default'><span class='ins-image-box-number'><\/span> Catering<\/span><\/div><p class='ins-image-box-text '>Servicio de alimentos y bebidas para todo tipo de eventos corporativos.<\/p><div class='ins-image-box-title margin-20px-top margin-10px-bottom'><a class='ins-image-box-btn title-font pc-bg sc-bg-hover default btn-radius-default' href='http:\/\/www.bocalimentos.com\/index.php\/contacto' target='_self'>Cont\u00e1ctanos<\/a><\/div><\/div><\/div><\/div><script type=\"text\/javascript\">\n\t\t(function(jQuery) {jQuery(\"head\").append(\"<style>#ins-image-box69f2ab93f0ad9 .ins-image-box-title-inner {color: #003e6a;}#ins-image-box69f2ab93f0ad9 .ins-image-box-btn {color: #ffffff;}#ins-image-box69f2ab93f0ad9.ins-image-box-wrapper:hover .ins-image-box-btn {color: #ffffff;}<\/style>\")\n\t\t\t\t\t})(jQuery);\n\t\t\t\t\t\t<\/script>[\/vc_column_inner][\/vc_row_inner][vc_empty_space height=&#8221;30px&#8221;][vc_row_inner][vc_column_inner width=&#8221;1\/3&#8243;]<div id='ins-image-box69f2ab93f10a6' class='ins-image-box-wrapper ins-image-box-style-1 text-center   ins-animated fadeInUp' data-animation-delay=200 style='background-color: transparent;'><div class='ins-image-box-inner'><div class='ins-image-box-img text-center'><img src='http:\/\/www.bocalimentos.com\/wp-content\/uploads\/2020\/09\/boc-alimentos-servicios-snack-bar.jpg' alt='image-box'><\/div><div class='ins-image-content-wrapper padding-30px-lr padding-35px-tb border-all last-paragraph-no-margin'><div class='ins-image-box-title margin-10px-bottom'><span class='ins-image-box-title-inner letter-spacing-05 title-font font-weight-500 display-block text-extra-large default'><span class='ins-image-box-number'><\/span> BOC Snack Bar<\/span><\/div><p class='ins-image-box-text '>Desde un servicio expr\u00e9s, caf\u00e9-deli o comida y productos listos para llevar.<\/p><div class='ins-image-box-title margin-20px-top margin-10px-bottom'><a class='ins-image-box-btn title-font pc-bg sc-bg-hover default btn-radius-default' href='http:\/\/www.bocalimentos.com\/index.php\/contacto' target='_self'>Cont\u00e1ctanos<\/a><\/div><\/div><\/div><\/div><script type=\"text\/javascript\">\n\t\t(function(jQuery) {jQuery(\"head\").append(\"<style>#ins-image-box69f2ab93f10a6 .ins-image-box-title-inner {color: #003e6a;}#ins-image-box69f2ab93f10a6 .ins-image-box-btn {color: #ffffff;}#ins-image-box69f2ab93f10a6.ins-image-box-wrapper:hover .ins-image-box-btn {color: #ffffff;}<\/style>\")\n\t\t\t\t\t})(jQuery);\n\t\t\t\t\t\t<\/script>[\/vc_column_inner][vc_column_inner width=&#8221;1\/3&#8243;]<div id='ins-image-box69f2ab93f1621' class='ins-image-box-wrapper ins-image-box-style-1 text-center   ins-animated fadeInUp' data-animation-delay=400 style='background-color: transparent;'><div class='ins-image-box-inner'><div class='ins-image-box-img text-center'><img src='http:\/\/www.bocalimentos.com\/wp-content\/uploads\/2020\/09\/boc-alimentos-servicios-experiencias.jpg' alt='image-box'><\/div><div class='ins-image-content-wrapper padding-30px-lr padding-35px-tb border-all last-paragraph-no-margin'><div class='ins-image-box-title margin-10px-bottom'><span class='ins-image-box-title-inner letter-spacing-05 title-font font-weight-500 display-block text-extra-large default'><span class='ins-image-box-number'><\/span> Experiencias BOC<\/span><\/div><p class='ins-image-box-text '>Desarrollamos instantes creativos con base a las necesidades, estilo de vida y deseos de tus audiencias.<\/p><div class='ins-image-box-title margin-20px-top margin-10px-bottom'><a class='ins-image-box-btn title-font pc-bg sc-bg-hover default btn-radius-default' href='http:\/\/www.bocalimentos.com\/index.php\/contacto' target='_self'>Cont\u00e1ctanos<\/a><\/div><\/div><\/div><\/div><script type=\"text\/javascript\">\n\t\t(function(jQuery) {jQuery(\"head\").append(\"<style>#ins-image-box69f2ab93f1621 .ins-image-box-title-inner {color: #003e6a;}#ins-image-box69f2ab93f1621 .ins-image-box-btn {color: #ffffff;}#ins-image-box69f2ab93f1621.ins-image-box-wrapper:hover .ins-image-box-btn {color: #ffffff;}<\/style>\")\n\t\t\t\t\t})(jQuery);\n\t\t\t\t\t\t<\/script>[\/vc_column_inner][vc_column_inner width=&#8221;1\/3&#8243;]<div id='ins-image-box69f2ab93f1bd4' class='ins-image-box-wrapper ins-image-box-style-1 text-center   ins-animated fadeInUp' data-animation-delay=600 style='background-color: transparent;'><div class='ins-image-box-inner'><div class='ins-image-box-img text-center'><img src='http:\/\/www.bocalimentos.com\/wp-content\/uploads\/2020\/09\/boc-alimentos-servicios-workshops.jpg' alt='image-box'><\/div><div class='ins-image-content-wrapper padding-30px-lr padding-35px-tb border-all last-paragraph-no-margin'><div class='ins-image-box-title margin-10px-bottom'><span class='ins-image-box-title-inner letter-spacing-05 title-font font-weight-500 display-block text-extra-large default'><span class='ins-image-box-number'><\/span> BOC Workshops<\/span><\/div><p class='ins-image-box-text '>Creamos momentos para la integraci\u00f3n de equipos de trabajo de tu empresa en algunas de nuestras instalaciones.<\/p><div class='ins-image-box-title margin-20px-top margin-10px-bottom'><a class='ins-image-box-btn title-font pc-bg sc-bg-hover default btn-radius-default' href='http:\/\/www.bocalimentos.com\/index.php\/contacto' target='_self'>Cont\u00e1ctanos<\/a><\/div><\/div><\/div><\/div><script type=\"text\/javascript\">\n\t\t(function(jQuery) {jQuery(\"head\").append(\"<style>#ins-image-box69f2ab93f1bd4 .ins-image-box-title-inner {color: #003e6a;}#ins-image-box69f2ab93f1bd4 .ins-image-box-btn {color: #ffffff;}#ins-image-box69f2ab93f1bd4.ins-image-box-wrapper:hover .ins-image-box-btn {color: #ffffff;}<\/style>\")\n\t\t\t\t\t})(jQuery);\n\t\t\t\t\t\t<\/script>[\/vc_column_inner][\/vc_row_inner][vc_empty_space height=&#8221;60px&#8221;][\/vc_column][\/vc_row][vc_row][vc_column][vc_empty_space height=&#8221;40px&#8221;][vc_row_inner equal_height=&#8221;yes&#8221; gap=&#8221;15&#8243;][vc_column_inner width=&#8221;1\/2&#8243;][vc_single_image image=&#8221;1700&#8243; img_size=&#8221;full&#8221; css_animation=&#8221;fadeInLeft&#8221;][\/vc_column_inner][vc_column_inner width=&#8221;1\/2&#8243;]<div id='ins-heading-69f2ab93f2139' class='section-heading ins-heading text-left default    ins-animated fadeInRight' data-animation-delay=400 style='margin-top:0; margin-bottom:30px'><h3 class='section-heading-title margin-10px-top  default no-letter-spacing'>Grandes experiencias para los protagonistas de tu empresa<\/h3><\/div><script type=\"text\/javascript\">\n\t\t(function(jQuery) {jQuery(\"head\").append(\"<style>#ins-heading-69f2ab93f2139 h3 {color: #003e6a;}<\/style>\")\n\t\t\t\t\t})(jQuery);\n\t\t\t\t\t\t<\/script>[vc_column_text css_animation=&#8221;fadeInRight&#8221;]En BOC Alimentos desarrollamos modelos operativos en cocina y comedor, apeg\u00e1ndonos a los m\u00e1s altos est\u00e1ndares de calidad.<\/p>\n<p>Conoce los modelos que hemos desarrollado para grandes empresas.[\/vc_column_text]<div id='ins-button-69f2ab93f2186' class='ins-button-wrapper text-left    ins-animated fadeInRight' data-animation-delay=800><a class='ins-button title-font letter-spacing-1 text-white pc-border pc-bg btn-radius-default font-weight-600 btn-medium text-uppercase ' href='http:\/\/www.bocalimentos.com\/index.php\/contacto'  target='_self'><span>Cont\u00e1ctanos<\/span><\/a><\/div><script type=\"text\/javascript\">\n\t\t(function(jQuery) {jQuery(\"head\").append(\"<style>#ins-button-69f2ab93f2186 .ins-button {color: #ffffff;}#ins-button-69f2ab93f2186 .ins-button:hover {color: #ffffff;}#ins-button-69f2ab93f2186 .ins-button {background-color: #ef463b;}#ins-button-69f2ab93f2186 .ins-button:hover {background-color: #000000;}#ins-button-69f2ab93f2186 .ins-button {border-color: #ef463b;}#ins-button-69f2ab93f2186 .ins-button:hover {border-color: #000000;}<\/style>\")\n\t\t\t\t\t})(jQuery);\n\t\t\t\t\t\t<\/script>[\/vc_column_inner][\/vc_row_inner][vc_empty_space height=&#8221;80px&#8221;][\/vc_column][\/vc_row][vc_row full_width=&#8221;stretch_row_content_no_spaces&#8221; parallax=&#8221;content-moving-fade&#8221; parallax_image=&#8221;1701&#8243; color_scheme=&#8221;white&#8221; css=&#8221;.vc_custom_1599498133089{background-position: 0 0;background-repeat:-repeat;}&#8221;][vc_column css=&#8221;.vc_custom_1538052061200{padding-top: 0px !important;background-color: rgba(38,37,24,0.52) !important;*background-color: rgb(38,37,24) !important;}&#8221;][vc_empty_space height=&#8221;100px&#8221;][vc_row_inner][vc_column_inner width=&#8221;1\/4&#8243;][\/vc_column_inner][vc_column_inner width=&#8221;1\/2&#8243; css=&#8221;.vc_custom_1536926626131{padding-right: 20px !important;padding-left: 20px !important;}&#8221;]<div id='ins-heading-69f2ab93f21ae' class='section-heading ins-heading text-center default    ins-animated fadeIn'  style='margin-top:0; margin-bottom:35px'><h4 class='section-heading-title margin-10px-top  font-weight-500 no-letter-spacing'>Mantente informado y no te pierdas ninguna de nuestras noticias y art\u00edculos.<\/h4><\/div><script type=\"text\/javascript\">\n\t\t(function(jQuery) {jQuery(\"head\").append(\"<style>#ins-heading-69f2ab93f21ae h4 {color: #ffffff;}<\/style>\")\n\t\t\t\t\t})(jQuery);\n\t\t\t\t\t\t<\/script><div role=\"form\" class=\"wpcf7\" id=\"wpcf7-f536-o1\" lang=\"en\" dir=\"ltr\">\n<div class=\"screen-reader-response\"><p role=\"status\" aria-live=\"polite\" aria-atomic=\"true\"><\/p> <ul><\/ul><\/div>\n<form action=\"\/index.php\/wp-json\/wp\/v2\/pages\/474#wpcf7-f536-o1\" method=\"post\" class=\"wpcf7-form init\" novalidate=\"novalidate\" data-status=\"init\">\n<div style=\"display: none;\">\n<input type=\"hidden\" name=\"_wpcf7\" value=\"536\" \/>\n<input type=\"hidden\" name=\"_wpcf7_version\" value=\"5.3\" \/>\n<input type=\"hidden\" name=\"_wpcf7_locale\" value=\"en\" \/>\n<input type=\"hidden\" name=\"_wpcf7_unit_tag\" value=\"wpcf7-f536-o1\" \/>\n<input type=\"hidden\" name=\"_wpcf7_container_post\" value=\"0\" \/>\n<input type=\"hidden\" name=\"_wpcf7_posted_data_hash\" value=\"\" \/>\n<\/div>\n<div class=\"full-width-cf ins-contact-form\">\n<div class=\"col-md-8 col-sm-12 ins-contact-form-field no-padding-right\">\n<span class=\"wpcf7-form-control-wrap email\"><input type=\"email\" name=\"email\" value=\"\" size=\"40\" class=\"wpcf7-form-control wpcf7-text wpcf7-email wpcf7-validates-as-required wpcf7-validates-as-email newsletter-inner-field\" aria-required=\"true\" aria-invalid=\"false\" placeholder=\"Tu correo\" \/><\/span>\n<\/div>\n<div class=\"col-md-4 col-sm-12 ins-contact-form-field no-padding-right\">\n<input type=\"submit\" value=\"Suscribirme\" class=\"wpcf7-form-control wpcf7-submit newsletter-button\" \/>\n<\/div>\n<\/div>\n<div class=\"wpcf7-response-output\" aria-hidden=\"true\"><\/div><\/form><\/div>[\/vc_column_inner][vc_column_inner width=&#8221;1\/4&#8243;][\/vc_column_inner][\/vc_row_inner][vc_empty_space height=&#8221;100px&#8221;][\/vc_column][\/vc_row][vc_row][vc_column css=&#8221;.vc_custom_1536990875989{padding-top: 70px !important;padding-bottom: 20px !important;}&#8221;]<div class=\"ins-client-logos-holder ins-logo-carousel-holder\"><div id=\"ins-icon-69f2ab93f2f71\" class=\"ins-client-logos client-logos-carousel ins-logos-carousel logos-slick-carousel     \"  data-cols=\"5\" data-dots=\"false\">\t\t\t<div class=\"client-logo\">\n\t\t\t\t<!-- Logo Link -->\n\t\t\t\t<a  href=\"https:\/\/www.instagram.com\/bolcoronamx\/\" target=\"_blank\">\n\t\t\t\t\t<!-- Logo Image SRC -->\n\t\t\t\t\t<img src=\"http:\/\/www.bocalimentos.com\/wp-content\/uploads\/2020\/09\/Bol-Corona-Logo.png\" alt=\"clients-logo\">\n\t\t\t\t<\/a>\n\t\t\t<\/div>\t\n\t\t\t\n                     \n\n\n\t\t\t\n\t\t\t\t\t\n\t\t\t\t\t\t<div class=\"client-logo\">\n\t\t\t\t<!-- Logo Link -->\n\t\t\t\t<a  href=\"\" target=\"_blank\">\n\t\t\t\t\t<!-- Logo Image SRC -->\n\t\t\t\t\t<img src=\"http:\/\/www.bocalimentos.com\/wp-content\/uploads\/2020\/09\/LOGO_BOLENA.png\" alt=\"clients-logo\">\n\t\t\t\t<\/a>\n\t\t\t<\/div>\t\n\t\t\t\n                     \n\n\n\t\t\t\n\t\t\t\t\t\n\t\t\t\t\t\t<div class=\"client-logo\">\n\t\t\t\t<!-- Logo Link -->\n\t\t\t\t<a  href=\"https:\/\/www.instagram.com\/cacciomx\/\" target=\"_blank\">\n\t\t\t\t\t<!-- Logo Image SRC -->\n\t\t\t\t\t<img src=\"http:\/\/www.bocalimentos.com\/wp-content\/uploads\/2020\/09\/Caccio.png\" alt=\"clients-logo\">\n\t\t\t\t<\/a>\n\t\t\t<\/div>\t\n\t\t\t\n                     \n\n\n\t\t\t\n\t\t\t\t\t\n\t\t\t\t\t\t<div class=\"client-logo\">\n\t\t\t\t<!-- Logo Link -->\n\t\t\t\t<a  href=\"https:\/\/www.instagram.com\/casafortunamx\/\" target=\"_blank\">\n\t\t\t\t\t<!-- Logo Image SRC -->\n\t\t\t\t\t<img src=\"http:\/\/www.bocalimentos.com\/wp-content\/uploads\/2020\/09\/Casa-Fortuna.png\" alt=\"clients-logo\">\n\t\t\t\t<\/a>\n\t\t\t<\/div>\t\n\t\t\t\n                     \n\n\n\t\t\t\n\t\t\t\t\t\n\t\t\t<\/div><\/div>\t\t\n\t\t<script type=\"text\/javascript\">\n\t\t(function(jQuery) {\n\n\t\t\n\t\t\t\t\t\n\t\t\t\t\t})(jQuery);\n\t\t\t\t\t\t<\/script>\n\n    \n\n\t\t\n\t\t <script type=\"text\/javascript\">\n                      \n\njQuery('#ins-icon-69f2ab93f2f71.ins-logos-carousel').slick({\n  arrows: false,\n                 dots: false,\n    slidesToShow: 5,\n      \n        slidesToScroll: 3,\n\n     responsive: [\n    {\n      breakpoint: 1024,\n      settings: {\n        slidesToShow: 3,\n        slidesToScroll: 3,\n     dots: false,\n      }\n    },\n    {\n      breakpoint: 600,\n      settings: {\n        slidesToShow: 2,\n        slidesToScroll: 2\n      }\n    },\n    {\n      breakpoint: 480,\n      settings: {\n        slidesToShow: 1,\n        slidesToScroll: 1\n      }\n    }\n   \n  ]\n\n  });\n\t\t\t\t\t\t<\/script>\n\t\t\n\t\t[\/vc_column][\/vc_row]<\/p>\n","protected":false},"excerpt":{"rendered":"<p>[vc_row][vc_column css=&#8221;.vc_custom_1536927545958{padding-top: 70px !important;padding-bottom: 70px !important;}&#8221;][vc_row_inner equal_height=&#8221;yes&#8221;][vc_column_inner width=&#8221;1\/3&#8243;][vc_column_text css_animation=&#8221;fadeIn&#8221;]Nuestra capacidad creativa nos permite ofrecer soluciones que se adaptan a las [&hellip;]<\/p>\n","protected":false},"author":1,"featured_media":0,"parent":0,"menu_order":0,"comment_status":"closed","ping_status":"closed","template":"","meta":[],"_links":{"self":[{"href":"http:\/\/www.bocalimentos.com\/index.php\/wp-json\/wp\/v2\/pages\/474"}],"collection":[{"href":"http:\/\/www.bocalimentos.com\/index.php\/wp-json\/wp\/v2\/pages"}],"about":[{"href":"http:\/\/www.bocalimentos.com\/index.php\/wp-json\/wp\/v2\/types\/page"}],"author":[{"embeddable":true,"href":"http:\/\/www.bocalimentos.com\/index.php\/wp-json\/wp\/v2\/users\/1"}],"replies":[{"embeddable":true,"href":"http:\/\/www.bocalimentos.com\/index.php\/wp-json\/wp\/v2\/comments?post=474"}],"version-history":[{"count":14,"href":"http:\/\/www.bocalimentos.com\/index.php\/wp-json\/wp\/v2\/pages\/474\/revisions"}],"predecessor-version":[{"id":1794,"href":"http:\/\/www.bocalimentos.com\/index.php\/wp-json\/wp\/v2\/pages\/474\/revisions\/1794"}],"wp:attachment":[{"href":"http:\/\/www.bocalimentos.com\/index.php\/wp-json\/wp\/v2\/media?parent=474"}],"curies":[{"name":"wp","href":"https:\/\/api.w.org\/{rel}","templated":true}]}}